 2*u = u + 2*i. Suppose -7 = 3*w - u. What is the tens digit of 2135/42 - w/6?
5
Suppose -y + 822 = -5*u, 4*u = -3*y + 1646 + 782. What is the hundreds digit of y?
8
Let a(g) = -g + 3. Let u = -17 + 18. Let l be a(u). Suppose k - 3*h = 34, -l*h + 102 = -0*k + 3*k. What is the tens digit of k?
3
Let r(j) = 3*j - 23. Let m be r(9). Suppose -2*w - 182 = -3*w - m*k, -3*w - 3*k + 510 = 0. What is the hundreds digit of w?
1
Let u be 2/(-2) - (92 + -9). Let z = -59 - u. Let a = z + -2. What is the tens digit of a?
2
What is the tens digit of 363 - ((-1)/5)/((-12)/120)?
6
Let z = 670 + 661. What is the hundreds digit of z?
3
Suppose 1983 = x + t, 95*x - 100*x - 4*t = -9916. What is the hundreds digit of x?
9
Let s(z) be the first derivative of z**4/4 - 6*z**3 - 17*z**2/2 + 23*z + 6. What is the tens digit of s(19)?
6
Suppose -5*d - 473 = 72. Suppose 50*j + 819 = 37*j. Let a = j - d. What is the units digit of a?
6
Let t = 71 + -42. Let a = t - 26. Let m = a - -17. What is the tens digit of m?
2
Suppose -8*i = 2*i - 350. What is the units digit of 15/i - 32/(-7)?
5
Let m(g) = 14*g - 27 + 1 + 1 - 17 + g**2. What is the units digit of m(-17)?
9
Let l(s) = s**2 + s + 5. Let t be l(-11). Let x = t + -49. Suppose x = 3*z - 0*z. What is the units digit of z?
2
Let z = 6140 - 3848. What is the hundreds digit of z?
2
Suppose 469*n = 455*n + 17640. What is the units digit of n?
0
What is the tens digit of (-3)/1*(-5 - (-2172)/(-18))?
7
Let v be (-210)/(-2)*2/2. Let s = v + -45. Suppose 0 = 3*o - o - h - s, -4*h - 48 = -2*o. What is the units digit of o?
2
Suppose -15 = -5*p - x, 0*p + x = -2*p + 9. Let h be 1*-15*39/(-195). What is the units digit of ((-56)/(-12) - p)*h?
8
Let z be (-26)/(-1*3 + 1). Let r be (58/12)/(1/6). Let i = r - z. What is the units digit of i?
6
Suppose 2*n + 10 + 2 = d, -5*n + 20 = 0. Suppose 113*l = 115*l + 34. Let p = l + d. What is the units digit of p?
3
Let a = 4680 - 3280. What is the thousands digit of a?
1
Let h(r) = -10*r**3 + 4*r + 3. Let l = 13 + -15. Let x be h(l). Suppose 4*k - x - 53 = 0. What is the tens digit of k?
3
Suppose -5*g - 4454 = -2*z, 0*z - 5*z - 4*g + 11102 = 0. What is the thousands digit of z?
2
Let u(d) = -d**3 - d**2 + 4*d + 4. Let c be 1 + (5 - -3)/(-2). Let w be u(c). Let j(o) = -o + 26. What is the units digit of j(w)?
6
Suppose 23*o - 3900 = 18*o. What is the units digit of o?
0
Suppose 3 = 3*i - 3, -2*i - 10 = 2*y. Let b = 5 - y. What is the units digit of b?
2
Let y(v) = -2*v + 1. Let s be y(2). Let z(m) = -5*m**3 + 6*m**2 - 1. What is the tens digit of z(s)?
8
Let g(s) = -s**3 - 2*s**2 + 4*s + 3. Let t be g(-3). Suppose 2*h = -t*h + 132. What is the tens digit of h?
6
Let v be 0*1/(-3)*-1. Suppose v*j - j = 0. Suppose 2*m = -j*m + 40. What is the units digit of m?
0
Let s be (6 + -5)/(-3) - 133/(-3). Let f = 117 - s. What is the tens digit of f?
7
Let i(o) = 3*o**3 + o**2 - 10*o + 4. What is the tens digit of i(3)?
6
Let g be (1 + 16/(-12))*-3. Let h be (4 - -2)/2 + g. Suppose h*y - 8 = 2*y. What is the units digit of y?
4
Let c(l) = l**2 - 13*l + 3. Let v be c(13). Let z be (0 + v)*-7*-1. Suppose 18*o - z*o = -150. What is the tens digit of o?
5
Suppose 2*h + 20 = 5*h + b, -2*h + 2*b = 0. Let s = h - 13. Let c(g) = -g + 3. What is the tens digit of c(s)?
1
Let t be 2 - 0*(-2)/4. Let u(b) = -13*b - 64. Let n be u(-8). Suppose 2*y = t*f + n, -3*y - f = -11 - 49. What is the tens digit of y?
2
Let m = 2 - 2. Suppose 2*s + 20 = -l + 3*l, 3*s + 15 = m. Suppose -18 = l*h - 58. What is the units digit of h?
8
Let i(v) = 2*v - 8. Let y(p) = -5*p + 23. Let b(w) = -17*i(w) - 6*y(w). Let t be b(-6). Suppose 5*f - t = 43. What is the tens digit of f?
1
Suppose a - 481 = -2*n, -4*a - 13*n + 1912 = -9*n. What is the units digit of a?
5
Suppose v - 459 = -4*u, -u - 5*v + 69 = -60. What is the tens digit of u?
1
Let f(w) be the second derivative of -5*w**3/6 - 11*w**2/2 - 10*w. What is the units digit of f(-9)?
4
Suppose -3 = 5*j - 4*o - 0, -2*o + 9 = 5*j. Suppose -3*g - j + 13 = 0. Suppose g*w = 3*w + 3. What is the units digit of w?
3
Suppose 3*u - 4 = 11. Let f(y) = 7*y**2 + 7*y - 3. Let a be f(-6). Suppose 5*g = u*i + 370, 2*g + i = a - 62. What is the tens digit of g?
7
What is the tens digit of 72/120 + 9328/20?
6
Let a = -7 - -11. Suppose -32 = -2*g - 4*r, -33 = -a*g - r - 4. What is the units digit of (-4)/24 + 85/g?
4
Let w be 0/(2*2/(-4)) - -4. Suppose 0 = 3*l + w*k - 597 - 15, k = -2*l + 408. What is the hundreds digit of l?
2
Suppose 2*s = 5*j + 10, -4*s = -2*j - 9 - 11. Let q(f) = 0*f - s*f + 3*f - 1 + 11. What is the units digit of q(-8)?
6
Suppose -2*j - 200 = -a, 2*a - j - 223 = 189. Suppose 2*m + 53 = -3*p + a, -4*p = 5*m - 384. What is the units digit of m?
6
Let w(c) = c**2 - 4*c + 17. Let m be w(11). Let d = 161 - m. What is the units digit of d?
7
Let z(t) = 2*t**2 - 4 - 176*t - 6 + 198*t + 3. What is the tens digit of z(-15)?
1
Let g(u) = 3*u - 8. Let i be g(8). What is the units digit of i/(-20)*20/(-8)?
2
Let a(j) = j**3 + 19*j**2 + 21. Let b be a(-19). Suppose -2*m - 8 = -3*m. Let t = b + m. What is the tens digit of t?
2
Let u(p) = 122*p - 1. Let z be u(1). What is the hundreds digit of (-10)/6*3 + z?
1
Suppose 6*b = 38*b - 32288. What is the units digit of b?
9
Let m(h) be the third derivative of h**5/60 - 7*h**4/24 + h**3/2 + h**2. Suppose -10*t = -2*t - 56. What is the units digit of m(t)?
3
What is the tens digit of ((-2)/(-8)*-718)/((-13)/78)?
7
Suppose 3*s = 26*f - 28*f + 2410, 5*s = -20. What is the hundreds digit of f?
2
Let n = 2824 + -675. What is the units digit of n?
9
Let b(u) = 2*u**3 - 5*u**2 + 11*u + 2. What is the units digit of b(5)?
2
Let d(y) = y + 11. Let w be d(14). Suppose w = -3*k + 160. Let s = k - 13. What is the tens digit of s?
3
Let a be (-12 - -2)*9/(-18). Suppose a*l + 5*j - 20 = 0, 4*l + 4 - 2 = 5*j. Suppose -l*p = -50 - 4. What is the units digit of p?
7
Let h(k) = -2*k**3 - 2*k**2 - k - 4. Let n = -15 - -11. Let v = 1 + n. What is the units digit of h(v)?
5
Suppose -10*s + 10614 + 15916 = 0. What is the thousands digit of s?
2
Suppose -4*v - 16 = 0, 4*v = 5*s - 0 - 36. Suppose 0 = w - h - 2*h - 14, 0 = s*w + 4*h + 8. What is the units digit of (w/(-6))/((-6)/36)?
2
Let i(z) = -z**2 + 4*z**2 + z - 41 - 2*z**2 + 43. What is the tens digit of i(5)?
3
Suppose 0 = 36*c + 14765 - 104261. What is the units digit of c?
6
Suppose 30 = 5*r - 2*g, 6 = 2*r - 2*g - 12. Suppose 34 = -0*p - 4*p + 2*n, -4*n + r = 0. What is the tens digit of (-732)/(-48) + (-6)/p?
1
Suppose x + 3*x - 19 = -n, 8 = 2*n + 2*x. Let l be 2 - 0 - (0 - n). Let a(u) = 33*u**2 - 1. What is the units digit of a(l)?
2
Let r(q) = -3202*q + 76. What is the hundreds digit of r(-1)?
2
What is the units digit of 9/(-12) + 44/16?
2
What is the tens digit of (-3)/(-2)*49552/114?
5
Suppose -491*b = -492*b + 946. What is the units digit of b?
6
Suppose 4*i = 7*i. Suppose 3*r - 354 + 111 = i. What is the units digit of r?
1
Let a(i) = 51*i**2 + 4*i - 1. What is the tens digit of a(-1)?
4
Suppose -3 + 1 = z, -3*l + 4*z + 212 = 0. Suppose 0 = l*b - 63*b - 1155. What is the units digit of b?
1
Suppose 0 = 8*g - 7*g - 5*r - 3481, -3*g + 10378 = -2*r. What is the thousands digit of g?
3
Suppose -52*x + 121860 = 8*x. What is the tens digit of x?
3
Let y(z) = -z**3 - 2*z**2 + 3*z + 1. Let u be y(-4). Let c(v) = v**3 - 4*v**2 - 4*v - 5. Let q be c(6). Let m = q - u. What is the tens digit of m?
2
Suppose 2*b - 3*b + 28 = 0. Suppose -3*k = -3*d + 24, -k = -5*d + k + b. Suppose -3*r - 37 = -d*c - 142, 5*r - 3*c - 175 = 0. What is the units digit of r?
5
Let r(j) = -11*j**3 - j**2 - 5*j - 4. Let d(f) = -f**3 + f + 1. Let l(s) = 5*d(s) + r(s). Let n be l(1). Let m = -7 - n. What is the units digit of m?
9
Suppose 3*k - d - 13 = 0, 0*k = -3*k + 2*d + 11. Suppose k*t + 4*f = 337, 4*f - 7 = 5. Let l = t + -16. What is the units digit of l?
9
Suppose 5*z + 11 = 31. Suppose 2*w + 2*w = 2*n + 48, -z*w + 8 = 0. What is the units digit of 14/8 - 5/n?
2
Suppose -2*j = 5*s - 425 - 1837, -s = -4*j - 448. What is the units digit of s?
2
Let y = -407 + 2446. What is the thousands digit of y?
2
Suppose y = -4*o + 40, 4 = y - o - 4*o. Let m = y + 5. What is the tens digit of m?
2
Let j(d) = 52*d - 15. Let s be j(-9). Let u = -232